).
32
Let b(a) = -a**3 - 5*a**2 - 2*a - 7. What is b(-4)?
-15
Let j(p) = -p**3 - 30*p**2 - 56*p + 37. Give j(-28).
37
Let z(w) = -w + 5. Give z(-3).
8
Let m(g) = 2*g**2 - 8*g - 5. Determine m(4).
-5
Let g(l) = -l**3 - 10*l**2 - l - 12. Calculate g(-10).
-2
Let c(r) = -r**3 - 9*r**2 - 4*r - 5. Determine c(-9).
31
Let z(m) = m**3 - 16*m**2 + 18*m - 49. What is z(15)?
-4
Let t(g) = g**3 + 20*g**2 - 16. Calculate t(-20).
-16
Let s(a) = 59*a - 3. Calculate s(-1).
-62
Let b(c) = c - 2. Calculate b(5).
3
Let c(s) = s**3 - 19*s**2 + 25*s - 40. Calculate c(18).
86
Let s(l) = l**3 - 2*l**2 - 11*l + 5. Give s(4).
-7
Let h(x) = x**3 - 4*x**2 - 2*x + 6. Give h(4).
-2
Let l(d) = 3*d - 3. Calculate l(-7).
-24
Let n(p) = -3*p - 9. Calculate n(-4).
3
Let t(o) = -61*o + 421. Calculate t(7).
-6
Let w(t) = 7*t - 41. What is w(7)?
8
Let z(d) = 4*d + 16. Give z(-2).
8
Let k(n) = 11*n - 92. Give k(7).
-15
Let n(i) = -43*i - 557. Give n(-13).
2
Let q(c) = -11*c + 93. Calculate q(8).
5
Let o(r) = -r**3 + 10*r**2 + 9*r + 8. Determine o(11).
-14
Let g(n) = 3*n**2 - 28*n - 19. What is g(12)?
77
Let q(z) = -2*z**2 + 9*z - 3. What is q(3)?
6
Let k(t) = -t**3 + 10*t**2 - 9*t - 5. Calculate k(7).
79
Let s(x) = 11*x + 37. What is s(-5)?
-18
Let s(d) = d**3 + 14*d**2 - 16*d - 16. Give s(-15).
-1
Let i(v) = v**2 - 2*v - 9. Give i(0).
-9
Let y(g) = -g**3 + 5*g**2 - g + 1. Give y(4).
13
Let x(w) = -4*w**2 - 31*w + 5. Give x(-8).
-3
Let j(u) = -4*u + 45. Calculate j(10).
5
Let k(b) = 2*b**2 - 10*b - 119. Give k(10).
-19
Let c(x) = -2*x - 32. Determine c(-14).
-4
Let m(w) = -5*w - 76. Calculate m(-14).
-6
Let x(d) = -d**3 + 2*d**2 + 49*d - 8. Give x(8).
0
Let n(q) = 2*q + 69. Determine n(0).
69
Let b(k) = k**3 + 4*k**2 - 7*k + 6. What is b(-5)?
16
Let r(w) = 3*w**2 - 43*w + 12. Give r(14).
-2
Let q(c) = -4*c - 52. Determine q(-13).
0
Let h(m) = -4*m - 69. Determine h(-17).
-1
Let b(c) = 3*c - 6. Calculate b(-3).
-15
Let q(y) = y**2 - 19*y - 48. Determine q(21).
-6
Let t(q) = -q**3 - 3*q**2 + 2*q + 23. What is t(-4)?
31
Let z(k) = -k**2 + 16*k - 8. Calculate z(16).
-8
Let u(q) = -q**2 - 36*q - 154. Calculate u(-31).
1
Let t(k) = 12*k**3 - k**2. Give t(-1).
-13
Let v(p) = -2*p**2 - 38*p - 18. Give v(-19).
-18
Let g(j) = j**2 - 11*j - 15. What is g(9)?
-33
Let h(j) = -j**3 - 7*j**2 + 4*j + 19. What is h(-7)?
-9
Let k(s) = -5*s - 1. Give k(-1).
4
Let g(h) = 21*h**2 + h. Give g(1).
22
Let g(z) = -z**2 - 4*z + 12. Give g(-5).
7
Let m(h) = h**2 - 9*h + 7. Calculate m(8).
-1
Let h(o) = -o**2 - 4*o - 4. Calculate h(-8).
-36
Let h(k) = 17*k - 110. Determine h(7).
9
Let u(c) = -17*c - 8. Calculate u(-5).
77
Let p(q) = q**3 - 12*q**2 - 16*q - 17. Calculate p(13).
-56
Let u(z) = 14*z + 25. What is u(4)?
81
Let m(x) = 2*x**2 + 2*x - 3. Calculate m(-3).
9
Let n(z) = -z**2 + 20*z - 56. What is n(15)?
19
Let k(o) = -23*o**3 + 2*o**2 - 2*o + 1. Determine k(1).
-22
Let d(k) = -12*k - 283. What is d(-24)?
5
Let p(d) = d**2 + 16*d + 53. Determine p(-7).
-10
Let g(r) = -6*r + 26. Calculate g(2).
14
Let y(k) = -4*k + 61. Give y(15).
1
Let q(y) = 4*y**2 - y + 3. Determine q(-2).
21
Let g(x) = -4*x + 5. What is g(19)?
-71
Let q(n) = -2*n. Calculate q(-1).
2
Let m(w) = w**3 + 25*w**2 - 32*w - 15. Give m(-26).
141
Let n(s) = 2*s**2 + 22*s. Calculate n(-12).
24
Let h(o) = 3*o + 24. Calculate h(-7).
3
Let r(i) = -i**2 + 16*i - 51. What is r(5)?
4
Let b(q) = q**2 + 5*q - 1. Give b(-4).
-5
Let v(w) = -w**2 - 3*w + 1. What is v(-5)?
-9
Let o(q) = 2*q**2 + 21*q - 7. What is o(-11)?
4
Let u(y) = y**3 + 8*y**2 + 8*y - 9. Calculate u(-6).
15
Let s(p) = -33*p - 405. Give s(-12).
-9
Let c(k) = k**3 + 9*k**2 + 9*k + 9. Determine c(-8).
1
Let b(q) = q**3 - 13*q**2 - 11*q + 11. What is b(14)?
53
Let b(h) = -h**3 + 10*h**2 + 15*h - 42. Calculate b(11).
2
Let y(l) = 3*l**2 + 36*l - 2. Determine y(-13).
37
Let b(h) = 4*h**2 - 4*h - 35. What is b(-3)?
13
Let w(v) = 62*v + 18. Calculate w(-4).
-230
Let h(o) = -o**3 - 15*o**2 + 15*o - 10. Give h(-16).
6
Let a(g) = -g**3 - 5*g**2 + 9*g - 5. Give a(-6).
-23
Let c(h) = -3*h**2 - 8*h + 12. Give c(4).
-68
Let q(b) = 7*b + 27. Calculate q(-8).
-29
Let q(l) = -l**2 + 7*l - 7. Calculate q(6).
-1
Let x(o) = -o**3 - 4*o**2 + 4*o + 6. Give x(-6).
54
Let i(w) = -21*w**3 + 2*w**2 - 2*w - 3. Determine i(-1).
22
Let b(t) = t**2 - 8*t - 16. Determine b(12).
32
Let i(s) = 2*s - 7. Determine i(4).
1
Let y(j) = -10*j - 33. Calculate y(-2).
-13
Let d(z) = -z**2 + 7*z. Determine d(6).
6
Let z(k) = -k**3 + 3*k**2 + 12*k - 26. What is z(5)?
-16
Let x(f) = -f**2 + 34*f + 198. What is x(39)?
3
Let c(a) = -a**3 + 23*a**2 - 43*a + 16. Give c(21).
-5
Let v(i) = 3*i**3 + 4*i**2 - 14*i - 7. Determine v(3).
68
Let f(d) = -7*d + 29. Determine f(-6).
71
Let d(x) = 59*x + 586. Calculate d(-10).
-4
Let u(g) = 8*g + 45. What is u(-16)?
-83
Let f(i) = i**3 - 7*i**2 - 4*i + 29. What is f(7)?
1
Let w(h) = -h**3 + 5*h**2 - 6*h. Calculate w(4).
-8
Let x(n) = n**2 - 6*n - 3. What is x(3)?
-12
Let p(y) = -2*y**2 - 10*y - 8. What is p(-7)?
-36
Let f(q) = 46*q**2 - q + 1. Calculate f(1).
46
Let f(h) = -h**3 + 2*h**2 + 18*h. Determine f(-4).
24
Let c(f) = -13*f**2 + 1. Determine c(-1).
-12
Let r(m) = -m + 9. Calculate r(-1).
10
Let i(k) = -4*k**2 - 12*k + 11. What is i(-5)?
-29
Let n(q) = -2*q**2 - 12*q + 11. Give n(-6).
11
Let b(z) = -z**2 + 12*z - 12. Determine b(14).
-40
Let i(u) = u**3 - 8*u**2 - 8*u - 10. Give i(9).
-1
Let z(t) = 10*t. Determine z(1).
10
Let p(q) = q**2 + 5*q + 6. What is p(-5)?
6
Let o(j) = -j**3 - 5*j**2 + 10*j + 17. Determine o(-6).
-7
Let i(s) = 6*s**2 - 2*s + 13. What is i(3)?
61
Let s(u) = -u + 11. What is s(-5)?
16
Let c(f) = -f**2 + f + 23. Give c(-5).
-7
Let r(k) = k**3 - 5*k**2 + 4*k + 7. What is r(3)?
1
Let h(z) = z**2 + 6*z + 12. What is h(-7)?
19
Let a(p) = -p**3 - 15*p**2 + 17*p + 32. Determine a(-16).
16
Let q(h) = -h**3 + 12*h**2 + 13*h - 16. What is q(13)?
-16
Let x(c) = c**3 + 15*c**2 - 33*c + 41. Determine x(-17).
24
Let q(v) = -v**2 + 34*v - 3. What is q(29)?
142
Let h(c) = -24*c**3 + c**2 + 2*c. Determine h(-1).
23
Let d(x) = -x**3 + 5*x**2 + 2*x + 3. Calculate d(3).
27
Let m(s) = -2*s**2 - 31*s + 104. Calculate m(3).
-7
Let z(h) = 6*h - 12. Calculate z(-17).
-114
Let p(x) = -2*x + 4. Calculate p(4).
-4
Let u(t) = -t**3 + 7*t**2 - 7*t + 2. What is u(5)?
17
Let h(n) = -n**3 - n**2 + 2*n - 9. Give h(3).
-39
Let g(k) = -k + 5. What is g(-13)?
18
Let a(l) = -l**3 - 7*l**2 + 34*l + 17. What is a(-10)?
-23
Let n(x) = -x**2 - 9*x + 7. Give n(-9).
7
Let a(o) = 4*o**2 + 2*o - 2. Determine a(-2).
10
Let g(h) = h**2 + 18*h - 84. Give g(-26).
124
Let r(j) = -j. Determine r(-4).
4
Let f(n) = 15*n - 101. Determine f(14).
109
Let j(x) = 42*x - 211. What is j(5)?
-1
Let u(g) = 22*g - 16. Calculate u(2).
28
Let l(q) = q + 8. Determine l(-9).
-1
Let b(h) = 2*h**2 + 8*h + 14. Determine b(-7).
56
Let l(v) = -v**3 + 7*v**2 - v - 3. Calculate l(6).
27
Let g(w) = -w**3 - w**2 + 14*w + 4. Give g(-4).
-4
Let h(m) = -149*m**2 - m + 1. Give h(-1).
-147
Let w(f) = 10*f - 270. Determine w(25).
-20
Let y(a) = 5*a - 5. What is y(-1)?
-10
Let r(v) = v**3 - 5*v**2 + 2*v - 17. Give r(5).
-7
Let o(p) = 5*p**3 + 2*p**2 - 1. What is o(2)?
47
Let v(l) = -6*l**3 - 10*l**2 - 4*l. Determine v(-2).
16
Let n(o) = o**3 - 5*o**2 - 8*o + 2. Give n(6).
-10
Let m(a) = a**3 + 19*a**2 + 22*a + 27. What is m(-18)?
-45
Let t(s) = 4*s**2 - s - 8. Give t(-3).
31
Let s(j) = j**3 + 4*j**2 + 8*j - 36. What is s(0)?
-36
Let d(a) = 230*a - 1149. What is d(5)?
1
Let z(m) = 7*m - 47. Calculate z(7).
2
Let q(t) = -t**2 - 6*t + 5. Give q(-6).
5
Let z(x) = 2*x**2 + 8*x - 8. What is z(-7)?
34
Let x(b) = -2*b**2 + 78*b - 5. Determine x(39).
-5
Let v(f) = f**2 + 11*f + 14. Calculate v(-9).
-4
Let t(a) = a**3 - 10*a**2 + 13*a - 27. What is t(9)?
9
Let a(t) = t**3 + 12*t**2 + 18*t - 21. Give a(-10).
-1
Let m(b) = 5*b - 15. Determine m(7).
20
Let i(u) = 2*u**2 - 38*u + 151. Give i(13).
-5
Let l(j) = 5*j - 11. Calculate l(-8).
-51
Let t(u) = -7*u - 3. Determine t(-3).
18
Let w(g) = -g**3 - 7*g**2 + 17*g + 5. Calculate w(-9).
14
Let s(t) = -t**2 + 53*t - 6. Calculate s(53).
-6
Let r(y) = y**2 + y - 9. Calculate r(5).
21
Let w(u) = -u**2 + 4*u. Calculate w(3).
3
Let f(t) = -t**3 + t**2 + 6*t + 22. Determine f(4).
-2
Let i(g) = g**2 - 11*g + 18. De